{"id":223,"date":"2024-01-31T09:47:53","date_gmt":"2024-01-31T08:47:53","guid":{"rendered":"https:\/\/balneariosierraalhamilla.com\/?page_id=223"},"modified":"2024-01-31T09:53:56","modified_gmt":"2024-01-31T08:53:56","slug":"beneficios","status":"publish","type":"page","link":"https:\/\/balneariosierraalhamilla.com\/index.php\/beneficios\/","title":{"rendered":"Beneficios"},"content":{"rendered":"[vc_row type=\u00bbin_container\u00bb full_screen_row_position=\u00bbmiddle\u00bb column_margin=\u00bbdefault\u00bb column_direction=\u00bbdefault\u00bb column_direction_tablet=\u00bbdefault\u00bb column_direction_phone=\u00bbdefault\u00bb scene_position=\u00bbcenter\u00bb text_color=\u00bbdark\u00bb text_align=\u00bbleft\u00bb row_border_radius=\u00bbnone\u00bb row_border_radius_applies=\u00bbbg\u00bb overflow=\u00bbvisible\u00bb overlay_strength=\u00bb0.3&#8243; gradient_direction=\u00bbleft_to_right\u00bb shape_divider_position=\u00bbbottom\u00bb bg_image_animation=\u00bbnone\u00bb][vc_column column_padding=\u00bbno-extra-padding\u00bb column_padding_tablet=\u00bbinherit\u00bb column_padding_phone=\u00bbinherit\u00bb column_padding_position=\u00bball\u00bb column_element_direction_desktop=\u00bbdefault\u00bb column_element_spacing=\u00bbdefault\u00bb desktop_text_alignment=\u00bbdefault\u00bb tablet_text_alignment=\u00bbdefault\u00bb phone_text_alignment=\u00bbdefault\u00bb background_color_opacity=\u00bb1&#8243; background_hover_color_opacity=\u00bb1&#8243; column_backdrop_filter=\u00bbnone\u00bb column_shadow=\u00bbnone\u00bb column_border_radius=\u00bbnone\u00bb column_link_target=\u00bb_self\u00bb column_position=\u00bbdefault\u00bb gradient_direction=\u00bbleft_to_right\u00bb overlay_strength=\u00bb0.3&#8243; width=\u00bb1\/1&#8243; tablet_width_inherit=\u00bbdefault\u00bb animation_type=\u00bbdefault\u00bb bg_image_animation=\u00bbnone\u00bb border_type=\u00bbsimple\u00bb column_border_width=\u00bbnone\u00bb column_border_style=\u00bbsolid\u00bb][vc_column_text]\n<div id=\"ultimate-heading-19365ba092ce60eb\" class=\"uvc-heading ult-adjust-bottom-margin ultimate-heading-19365ba092ce60eb uvc-6192 \" data-hspacer=\"no_spacer\" data-halign=\"center\">\n<div class=\"uvc-main-heading ult-responsive\" data-ultimate-target=\".uvc-heading.ultimate-heading-19365ba092ce60eb h2\" data-responsive-json-new=\"{&quot;font-size&quot;:&quot;&quot;,&quot;line-height&quot;:&quot;&quot;}\">\n<h2 style=\"text-align: center;\">BENEFICIOS DE LAS AGUAS<\/h2>\n<\/div>\n<\/div>\n<div class=\"wpb_text_column wpb_content_element \">\n<div class=\"wpb_wrapper\"><\/div>\n<\/div>\n[\/vc_column_text][\/vc_column][\/vc_row][vc_row type=\u00bbin_container\u00bb full_screen_row_position=\u00bbmiddle\u00bb column_margin=\u00bbdefault\u00bb column_direction=\u00bbdefault\u00bb column_direction_tablet=\u00bbdefault\u00bb column_direction_phone=\u00bbdefault\u00bb scene_position=\u00bbcenter\u00bb text_color=\u00bbdark\u00bb text_align=\u00bbleft\u00bb row_border_radius=\u00bbnone\u00bb row_border_radius_applies=\u00bbbg\u00bb overflow=\u00bbvisible\u00bb overlay_strength=\u00bb0.3&#8243; gradient_direction=\u00bbleft_to_right\u00bb shape_divider_position=\u00bbbottom\u00bb bg_image_animation=\u00bbnone\u00bb][vc_column column_padding=\u00bbno-extra-padding\u00bb column_padding_tablet=\u00bbinherit\u00bb column_padding_phone=\u00bbinherit\u00bb column_padding_position=\u00bball\u00bb column_element_direction_desktop=\u00bbdefault\u00bb column_element_spacing=\u00bbdefault\u00bb desktop_text_alignment=\u00bbdefault\u00bb tablet_text_alignment=\u00bbdefault\u00bb phone_text_alignment=\u00bbdefault\u00bb background_color_opacity=\u00bb1&#8243; background_hover_color_opacity=\u00bb1&#8243; column_backdrop_filter=\u00bbnone\u00bb column_shadow=\u00bbnone\u00bb column_border_radius=\u00bbnone\u00bb column_link_target=\u00bb_self\u00bb column_position=\u00bbdefault\u00bb gradient_direction=\u00bbleft_to_right\u00bb overlay_strength=\u00bb0.3&#8243; width=\u00bb1\/1&#8243; tablet_width_inherit=\u00bbdefault\u00bb animation_type=\u00bbdefault\u00bb bg_image_animation=\u00bbnone\u00bb border_type=\u00bbsimple\u00bb column_border_width=\u00bbnone\u00bb column_border_style=\u00bbsolid\u00bb][vc_column_text]Las aguas Minero-Medicinales de Sierra Alhamilla se enclavan en el t\u00e9rmino municipal de Pechina, en la provincia de Almer\u00eda. Este Manantial yace en terreno Siluviano y tiene un gran caudal, emana a 58\u00baC con lo que se coloca entre los primeros de Espa\u00f1a por su Termalidad. Sus aguas son cristalinas, sin olor ni sabor . Seg\u00fan los an\u00e1lisis realizados por su composici\u00f3n se encuadra dentro de las Sulfatadas-Bicarbonatadas-S\u00f3dicas, cloruradas y Magn\u00e9sicas con contenido de Rad\u00f3n.<\/p>\n<p>Disminuye la inflamaci\u00f3n y el dolor, muy recomendada en artrosis, artritis, reuma, neuralgias, corea, gota, rehabilitaci\u00f3n e traumatismos, recuperaci\u00f3n de la movilidad. Su contenido en Rad\u00f3n tiene efectos calmantes, anti\u00e1lgicos, antiespasm\u00f3dicos, descongestionantes sedantes.<\/p>\n<p>Obra eliminando las grasas que la secreci\u00f3n seb\u00e1cea y el sudor depositan en la piel, retira las pieles muertas producto de nuestra continua descamaci\u00f3n y regenera la piel. Su termalidad excita la piel, produciendo abundante sudaci\u00f3n que sirve para eliminar elementos qu\u00edmico-org\u00e1nicos desechables.<\/p>\n<p>Ideales para curas de estr\u00e9s, elimina la ansiedad aportando mineralizaci\u00f3n al organismo favoreciendo una natural revitalizaci\u00f3n.<\/p>\n<p>Su mineralizaci\u00f3n y radiactividad le hacen especialmente indicadas en rinitis, faringitis, bronquitis, epoc, asma, alergias, y favorece la fluidificaci\u00f3n del moco, indicada para fumadores.<\/p>\n<p>Gastritis, ulcera p\u00e9ptica o duodenal, dispepsias, ves\u00edcula, disminuye la formaci\u00f3n del c\u00e1lculos, facilita la eliminaci\u00f3n de \u00e1cido \u00farico, disminuyendo el riesgo de c\u00e1lculos en ri\u00f1\u00f3n y gota. De gran acci\u00f3n diur\u00e9tica, aumenta la eliminaci\u00f3n de sustancias nocivas y disminuye la retenci\u00f3n de orina.<\/p>\n<p>Inicia sus efectos en la boca y el est\u00f3mago, sus secreciones aumentan y a la vez neutralizan su acidez. Favorece la acci\u00f3n de los fen\u00f3menos del p\u00e1ncreas. Parecen comportarse como protectoras de la c\u00e9lula hep\u00e1tica. Su acci\u00f3n diur\u00e9tica hace un barrido de los desechos org\u00e1nicos.<\/p>\n<p>Indicada en pacientes con problemas de pr\u00f3stata. Ideales curas de estr\u00e9s, donde se elimina la ansiedad y se aporta una remineralizaci\u00f3n del cuerpo produciendo una natural revitalizaci\u00f3n y rejuvenecimiento.[\/vc_column_text][\/vc_column][\/vc_row]\n","protected":false},"excerpt":{"rendered":"<p>[vc_row type=\u00bbin_container\u00bb full_screen_row_position=\u00bbmiddle\u00bb column_margin=\u00bbdefault\u00bb column_direction=\u00bbdefault\u00bb column_direction_tablet=\u00bbdefault\u00bb column_direction_phone=\u00bbdefault\u00bb scene_position=\u00bbcenter\u00bb text_color=\u00bbdark\u00bb text_align=\u00bbleft\u00bb row_border_radius=\u00bbnone\u00bb row_border_radius_applies=\u00bbbg\u00bb overflow=\u00bbvisible\u00bb overlay_strength=\u00bb0.3&#8243; gradient_direction=\u00bbleft_to_right\u00bb shape_divider_position=\u00bbbottom\u00bb bg_image_animation=\u00bbnone\u00bb][vc_column column_padding=\u00bbno-extra-padding\u00bb column_padding_tablet=\u00bbinherit\u00bb column_padding_phone=\u00bbinherit\u00bb column_padding_position=\u00bball\u00bb column_element_direction_desktop=\u00bbdefault\u00bb column_element_spacing=\u00bbdefault\u00bb desktop_text_alignment=\u00bbdefault\u00bb tablet_text_alignment=\u00bbdefault\u00bb phone_text_alignment=\u00bbdefault\u00bb background_color_opacity=\u00bb1&#8243; background_hover_color_opacity=\u00bb1&#8243; column_backdrop_filter=\u00bbnone\u00bb column_shadow=\u00bbnone\u00bb&#8230;<\/p>\n","protected":false},"author":1,"featured_media":0,"parent":0,"menu_order":0,"comment_status":"closed","ping_status":"closed","template":"","meta":{"footnotes":""},"class_list":["post-223","page","type-page","status-publish"],"yoast_head":"<!-- This site is optimized with the Yoast SEO plugin v27.4 - https:\/\/yoast.com\/product\/yoast-seo-wordpress\/ -->\n<title>Beneficios - Balneario Sierra Alhamilla<\/title>\n<meta name=\"robots\" content=\"index, follow, max-snippet:-1, max-image-preview:large, max-video-preview:-1\" \/>\n<link rel=\"canonical\" href=\"https:\/\/balneariosierraalhamilla.com\/index.php\/beneficios\/\" \/>\n<meta property=\"og:locale\" content=\"es_ES\" \/>\n<meta property=\"og:type\" content=\"article\" \/>\n<meta property=\"og:title\" content=\"Beneficios - Balneario Sierra Alhamilla\" \/>\n<meta property=\"og:description\" content=\"[vc_row type=\u00bbin_container\u00bb full_screen_row_position=\u00bbmiddle\u00bb column_margin=\u00bbdefault\u00bb column_direction=\u00bbdefault\u00bb column_direction_tablet=\u00bbdefault\u00bb column_direction_phone=\u00bbdefault\u00bb scene_position=\u00bbcenter\u00bb text_color=\u00bbdark\u00bb text_align=\u00bbleft\u00bb row_border_radius=\u00bbnone\u00bb row_border_radius_applies=\u00bbbg\u00bb overflow=\u00bbvisible\u00bb overlay_strength=\u00bb0.3&#8243; gradient_direction=\u00bbleft_to_right\u00bb shape_divider_position=\u00bbbottom\u00bb bg_image_animation=\u00bbnone\u00bb][vc_column column_padding=\u00bbno-extra-padding\u00bb column_padding_tablet=\u00bbinherit\u00bb column_padding_phone=\u00bbinherit\u00bb column_padding_position=\u00bball\u00bb column_element_direction_desktop=\u00bbdefault\u00bb column_element_spacing=\u00bbdefault\u00bb desktop_text_alignment=\u00bbdefault\u00bb tablet_text_alignment=\u00bbdefault\u00bb phone_text_alignment=\u00bbdefault\u00bb background_color_opacity=\u00bb1&#8243; background_hover_color_opacity=\u00bb1&#8243; column_backdrop_filter=\u00bbnone\u00bb column_shadow=\u00bbnone\u00bb...\" \/>\n<meta property=\"og:url\" content=\"https:\/\/balneariosierraalhamilla.com\/index.php\/beneficios\/\" \/>\n<meta property=\"og:site_name\" content=\"Balneario Sierra Alhamilla\" \/>\n<meta property=\"article:publisher\" content=\"https:\/\/www.facebook.com\/BalnearioSierraAlhamilla\/?locale=es_LA\" \/>\n<meta property=\"article:modified_time\" content=\"2024-01-31T08:53:56+00:00\" \/>\n<meta name=\"twitter:card\" content=\"summary_large_image\" \/>\n<meta name=\"twitter:site\" content=\"@sierraalhamilla\" \/>\n<script type=\"application\/ld+json\" class=\"yoast-schema-graph\">{\"@context\":\"https:\\\/\\\/schema.org\",\"@graph\":[{\"@type\":\"WebPage\",\"@id\":\"https:\\\/\\\/balneariosierraalhamilla.com\\\/index.php\\\/beneficios\\\/\",\"url\":\"https:\\\/\\\/balneariosierraalhamilla.com\\\/index.php\\\/beneficios\\\/\",\"name\":\"Beneficios - Balneario Sierra Alhamilla\",\"isPartOf\":{\"@id\":\"https:\\\/\\\/balneariosierraalhamilla.com\\\/#website\"},\"datePublished\":\"2024-01-31T08:47:53+00:00\",\"dateModified\":\"2024-01-31T08:53:56+00:00\",\"breadcrumb\":{\"@id\":\"https:\\\/\\\/balneariosierraalhamilla.com\\\/index.php\\\/beneficios\\\/#breadcrumb\"},\"inLanguage\":\"es\",\"potentialAction\":[{\"@type\":\"ReadAction\",\"target\":[\"https:\\\/\\\/balneariosierraalhamilla.com\\\/index.php\\\/beneficios\\\/\"]}]},{\"@type\":\"BreadcrumbList\",\"@id\":\"https:\\\/\\\/balneariosierraalhamilla.com\\\/index.php\\\/beneficios\\\/#breadcrumb\",\"itemListElement\":[{\"@type\":\"ListItem\",\"position\":1,\"name\":\"Home\",\"item\":\"https:\\\/\\\/balneariosierraalhamilla.com\\\/\"},{\"@type\":\"ListItem\",\"position\":2,\"name\":\"Beneficios\"}]},{\"@type\":\"WebSite\",\"@id\":\"https:\\\/\\\/balneariosierraalhamilla.com\\\/#website\",\"url\":\"https:\\\/\\\/balneariosierraalhamilla.com\\\/\",\"name\":\"Balneario Sierra Alhamilla\",\"description\":\"\",\"publisher\":{\"@id\":\"https:\\\/\\\/balneariosierraalhamilla.com\\\/#organization\"},\"potentialAction\":[{\"@type\":\"SearchAction\",\"target\":{\"@type\":\"EntryPoint\",\"urlTemplate\":\"https:\\\/\\\/balneariosierraalhamilla.com\\\/?s={search_term_string}\"},\"query-input\":{\"@type\":\"PropertyValueSpecification\",\"valueRequired\":true,\"valueName\":\"search_term_string\"}}],\"inLanguage\":\"es\"},{\"@type\":\"Organization\",\"@id\":\"https:\\\/\\\/balneariosierraalhamilla.com\\\/#organization\",\"name\":\"Balneario Sierra Alhamilla\",\"url\":\"https:\\\/\\\/balneariosierraalhamilla.com\\\/\",\"logo\":{\"@type\":\"ImageObject\",\"inLanguage\":\"es\",\"@id\":\"https:\\\/\\\/balneariosierraalhamilla.com\\\/#\\\/schema\\\/logo\\\/image\\\/\",\"url\":\"https:\\\/\\\/balneariosierraalhamilla.com\\\/wp-content\\\/uploads\\\/2023\\\/05\\\/logo_custom.png\",\"contentUrl\":\"https:\\\/\\\/balneariosierraalhamilla.com\\\/wp-content\\\/uploads\\\/2023\\\/05\\\/logo_custom.png\",\"width\":1078,\"height\":114,\"caption\":\"Balneario Sierra Alhamilla\"},\"image\":{\"@id\":\"https:\\\/\\\/balneariosierraalhamilla.com\\\/#\\\/schema\\\/logo\\\/image\\\/\"},\"sameAs\":[\"https:\\\/\\\/www.facebook.com\\\/BalnearioSierraAlhamilla\\\/?locale=es_LA\",\"https:\\\/\\\/x.com\\\/sierraalhamilla\",\"https:\\\/\\\/www.instagram.com\\\/balneariosierraalhamilla\\\/?hl=es\"]}]}<\/script>\n<!-- \/ Yoast SEO plugin. -->","yoast_head_json":{"title":"Beneficios - Balneario Sierra Alhamilla","robots":{"index":"index","follow":"follow","max-snippet":"max-snippet:-1","max-image-preview":"max-image-preview:large","max-video-preview":"max-video-preview:-1"},"canonical":"https:\/\/balneariosierraalhamilla.com\/index.php\/beneficios\/","og_locale":"es_ES","og_type":"article","og_title":"Beneficios - Balneario Sierra Alhamilla","og_description":"[vc_row type=\u00bbin_container\u00bb full_screen_row_position=\u00bbmiddle\u00bb column_margin=\u00bbdefault\u00bb column_direction=\u00bbdefault\u00bb column_direction_tablet=\u00bbdefault\u00bb column_direction_phone=\u00bbdefault\u00bb scene_position=\u00bbcenter\u00bb text_color=\u00bbdark\u00bb text_align=\u00bbleft\u00bb row_border_radius=\u00bbnone\u00bb row_border_radius_applies=\u00bbbg\u00bb overflow=\u00bbvisible\u00bb overlay_strength=\u00bb0.3&#8243; gradient_direction=\u00bbleft_to_right\u00bb shape_divider_position=\u00bbbottom\u00bb bg_image_animation=\u00bbnone\u00bb][vc_column column_padding=\u00bbno-extra-padding\u00bb column_padding_tablet=\u00bbinherit\u00bb column_padding_phone=\u00bbinherit\u00bb column_padding_position=\u00bball\u00bb column_element_direction_desktop=\u00bbdefault\u00bb column_element_spacing=\u00bbdefault\u00bb desktop_text_alignment=\u00bbdefault\u00bb tablet_text_alignment=\u00bbdefault\u00bb phone_text_alignment=\u00bbdefault\u00bb background_color_opacity=\u00bb1&#8243; background_hover_color_opacity=\u00bb1&#8243; column_backdrop_filter=\u00bbnone\u00bb column_shadow=\u00bbnone\u00bb...","og_url":"https:\/\/balneariosierraalhamilla.com\/index.php\/beneficios\/","og_site_name":"Balneario Sierra Alhamilla","article_publisher":"https:\/\/www.facebook.com\/BalnearioSierraAlhamilla\/?locale=es_LA","article_modified_time":"2024-01-31T08:53:56+00:00","twitter_card":"summary_large_image","twitter_site":"@sierraalhamilla","schema":{"@context":"https:\/\/schema.org","@graph":[{"@type":"WebPage","@id":"https:\/\/balneariosierraalhamilla.com\/index.php\/beneficios\/","url":"https:\/\/balneariosierraalhamilla.com\/index.php\/beneficios\/","name":"Beneficios - Balneario Sierra Alhamilla","isPartOf":{"@id":"https:\/\/balneariosierraalhamilla.com\/#website"},"datePublished":"2024-01-31T08:47:53+00:00","dateModified":"2024-01-31T08:53:56+00:00","breadcrumb":{"@id":"https:\/\/balneariosierraalhamilla.com\/index.php\/beneficios\/#breadcrumb"},"inLanguage":"es","potentialAction":[{"@type":"ReadAction","target":["https:\/\/balneariosierraalhamilla.com\/index.php\/beneficios\/"]}]},{"@type":"BreadcrumbList","@id":"https:\/\/balneariosierraalhamilla.com\/index.php\/beneficios\/#breadcrumb","itemListElement":[{"@type":"ListItem","position":1,"name":"Home","item":"https:\/\/balneariosierraalhamilla.com\/"},{"@type":"ListItem","position":2,"name":"Beneficios"}]},{"@type":"WebSite","@id":"https:\/\/balneariosierraalhamilla.com\/#website","url":"https:\/\/balneariosierraalhamilla.com\/","name":"Balneario Sierra Alhamilla","description":"","publisher":{"@id":"https:\/\/balneariosierraalhamilla.com\/#organization"},"potentialAction":[{"@type":"SearchAction","target":{"@type":"EntryPoint","urlTemplate":"https:\/\/balneariosierraalhamilla.com\/?s={search_term_string}"},"query-input":{"@type":"PropertyValueSpecification","valueRequired":true,"valueName":"search_term_string"}}],"inLanguage":"es"},{"@type":"Organization","@id":"https:\/\/balneariosierraalhamilla.com\/#organization","name":"Balneario Sierra Alhamilla","url":"https:\/\/balneariosierraalhamilla.com\/","logo":{"@type":"ImageObject","inLanguage":"es","@id":"https:\/\/balneariosierraalhamilla.com\/#\/schema\/logo\/image\/","url":"https:\/\/balneariosierraalhamilla.com\/wp-content\/uploads\/2023\/05\/logo_custom.png","contentUrl":"https:\/\/balneariosierraalhamilla.com\/wp-content\/uploads\/2023\/05\/logo_custom.png","width":1078,"height":114,"caption":"Balneario Sierra Alhamilla"},"image":{"@id":"https:\/\/balneariosierraalhamilla.com\/#\/schema\/logo\/image\/"},"sameAs":["https:\/\/www.facebook.com\/BalnearioSierraAlhamilla\/?locale=es_LA","https:\/\/x.com\/sierraalhamilla","https:\/\/www.instagram.com\/balneariosierraalhamilla\/?hl=es"]}]}},"_links":{"self":[{"href":"https:\/\/balneariosierraalhamilla.com\/index.php\/wp-json\/wp\/v2\/pages\/223","targetHints":{"allow":["GET"]}}],"collection":[{"href":"https:\/\/balneariosierraalhamilla.com\/index.php\/wp-json\/wp\/v2\/pages"}],"about":[{"href":"https:\/\/balneariosierraalhamilla.com\/index.php\/wp-json\/wp\/v2\/types\/page"}],"author":[{"embeddable":true,"href":"https:\/\/balneariosierraalhamilla.com\/index.php\/wp-json\/wp\/v2\/users\/1"}],"replies":[{"embeddable":true,"href":"https:\/\/balneariosierraalhamilla.com\/index.php\/wp-json\/wp\/v2\/comments?post=223"}],"version-history":[{"count":2,"href":"https:\/\/balneariosierraalhamilla.com\/index.php\/wp-json\/wp\/v2\/pages\/223\/revisions"}],"predecessor-version":[{"id":225,"href":"https:\/\/balneariosierraalhamilla.com\/index.php\/wp-json\/wp\/v2\/pages\/223\/revisions\/225"}],"wp:attachment":[{"href":"https:\/\/balneariosierraalhamilla.com\/index.php\/wp-json\/wp\/v2\/media?parent=223"}],"curies":[{"name":"wp","href":"https:\/\/api.w.org\/{rel}","templated":true}]}}